nd r.
17
Suppose 3*b - 44 - 166 = 0. Let q be (27 - -1) + 0/1. What is the highest common factor of q and b?
14
Suppose 13*c + 37 - 50 = 0. Suppose -4*g = -7*g + 6. Calculate the greatest common divisor of g and c.
1
Let d(v) = -2 - 1 + 7*v + 5. Let n(g) = 21*g + 6. Let o(r) = -7*d(r) + 2*n(r). Let m be o(-2). Calculate the highest common divisor of 18 and m.
6
Suppose 24 = 2*d - 3*c, -3*c = -2*c. Suppose -5*p = 3 + 17. Let b(n) = 7*n**2 + 2*n + 4. Let j be b(p). Calculate the greatest common factor of d and j.
12
Let u = 71 - 47. Let l = 727 + -1321. Let q = l - -858. What is the greatest common factor of q and u?
24
Let n be 118/(-8) + 12/16. Let x be 2*12/n*-77. Suppose 4*r - 24 = 2*r. What is the highest common divisor of x and r?
12
Suppose 2 = -2*c + 6. Suppose 0 = -c*b + 143 + 1. Let m be (1 - 0/(-1)) + 17. Calculate the highest common factor of b and m.
18
Let y(f) = -2*f + 12. Let c be y(-9). Suppose -3*z - z = -2*k, 4*k - c = -2*z. Let q = 46 + 2. Calculate the highest common divisor of q and k.
6
Let b = 9 + -13. Let t be 2/b - 261/(-18). What is the highest common divisor of 28 and t?
14
Let l(w) = -w - 7. Let o be l(-11). Let u(q) = 5*q**2 - q. Let h be u(-1). Calculate the highest common divisor of o and h.
2
Let m(n) = -n**2 + 30*n - 6. Let v be m(27). What is the greatest common divisor of 25 and v?
25
Suppose -3 = -2*r + r. Let y(n) = 55*n + r - 3. Let g be y(1). Calculate the greatest common factor of 11 and g.
11
Suppose -5*u + 47 = -83. What is the greatest common factor of u and 26?
26
Suppose -3*j = -2*l + 11 - 2, 0 = -5*l + j + 29. Calculate the highest common divisor of l and 15.
3
Suppose 4*u - 157 = 51. Suppose 3*x + u = 7*x. Suppose 17 = 5*c - x. Calculate the highest common divisor of 12 and c.
6
Suppose p - 56 = l, -8 - 72 = -p - 5*l. Let r = 67 + -37. Suppose 2*k = 2*m - k - r, 2 = -k. Calculate the highest common factor of m and p.
12
Let z(k) = -k**3 + k**2 + 3*k - 3. Let t be z(2). Let q = 1 - t. Suppose -5*j + q = -18. Calculate the highest common divisor of 8 and j.
4
Let c(d) = 14*d**2 - 3*d. Let v be c(2). Suppose 5*x + 4*u = 55, x - 3*u + v = 6*x. Calculate the greatest common divisor of x and 7.
7
Let k(o) = -15*o - 48. Let z be k(-16). What is the highest common divisor of 24 and z?
24
Let x be (-3 + 4)*6/3. Suppose -3*u + x*u + 45 = 0. Suppose y - 5 - 13 = 0. What is the greatest common factor of y and u?
9
Let m(y) be the third derivative of -y**4/24 - 7*y**3/6 - 2*y**2. Let z be m(-10). Suppose z*f - 29 = 31. Calculate the greatest common factor of f and 80.
20
Let z(a) = -a**3 - a**2 + 3*a + 2. Let y be z(-2). Suppose 5*f + 8 - 63 = y. What is the highest common factor of f and 77?
11
Suppose -4*x + 62 = -46. What is the greatest common factor of 3 and x?
3
Let b be 145/15 + 4/(-6). Let m be 26/3 + 2/6. What is the highest common divisor of b and m?
9
Let r be (8/3)/(6/9). What is the greatest common divisor of 10 and r?
2
Let u(z) = -z**3 - 10*z**2 + 3*z - 13. Let n be u(-11). What is the highest common factor of n and 30?
15
Let h = 36 + -54. Let g be (-1)/2*2 - h. What is the greatest common divisor of 119 and g?
17
Let a be (0 - (-4)/12)*18. Suppose -a*u + u = -260. What is the greatest common divisor of 13 and u?
13
Suppose 3 = 2*t - 4*m - 1, 5*m - 40 = -2*t. Suppose 3*a - 90 = -0*a. Calculate the highest common divisor of t and a.
10
Let p(s) = 2*s**3 - 7*s**2 - 8*s - 8. Let m be p(8). Let g be 2/(-10) + m/45. Calculate the greatest common divisor of g and 99.
11
Suppose 5*z - 365 = -5*l, -4*l = -3*z - 3*l + 215. Suppose 19 = -2*c + 3*c. Suppose -3*v + c = -5. What is the highest common divisor of z and v?
8
Let p(h) = -10*h + 11. Let l be p(-7). What is the greatest common factor of 9 and l?
9
Suppose 3*q - 21 = -3. Suppose -7 = -2*s + g - 4, 0 = -2*g + q. Let z be (3 + 12/(-16))*12. What is the greatest common factor of z and s?
3
Let p = -3 + 4. Let a be (-5 + p - -3)*-3. Suppose -2*n + a - 1 = 0. Calculate the greatest common divisor of 4 and n.
1
Let d(z) be the third derivative of z**5/60 - z**4/24 - z**3/6 - 4*z**2. Let q be d(3). What is the highest common divisor of q and 5?
5
Let w(o) = -8*o - 22. Let y be w(-13). What is the highest common divisor of 123 and y?
41
Let s = -6 + 8. Suppose s*g - 7*g = -325. What is the highest common factor of 26 and g?
13
Let x(r) = -4*r - 4. Let m(g) = 4*g**3 - g**2 - g. Let u be m(-1). Let q = 1 + u. Let b be x(q). What is the highest common factor of b and 2?
2
Let y(w) = -2*w**3 - w**2 + 2*w + 1. Let p be y(-2). Suppose 0 = -5*k + 4*f + 10, 2*k + 3*f - 7*f = -8. Calculate the greatest common divisor of p and k.
3
Let x(p) = 3*p - 17. Let b be x(8). Let a(t) = -t**2 - 7*t - 3. Suppose -3*z + 6 = 21. Let y be a(z). What is the greatest common divisor of b and y?
7
Let u be (-2)/3 + (-57)/9. Let q(y) = -y**3 - 7*y**2 - 3. Let i be q(u). Let x be i/(-6) - (-207)/2. Calculate the greatest common factor of 13 and x.
13
Suppose -23 = -4*y - q, -y - 3*y = -4*q - 8. Suppose 3*d + 51 = 5*w + 6*d, -y*w + 4*d + 37 = 0. What is the greatest common divisor of w and 81?
9
Let r = 2 + 2. Let i be (-3)/(6/r) + 20. Suppose -2*c = -2*s + 154, -5*s + 247 = -2*c - 123. What is the greatest common factor of i and s?
18
Let b(f) be the first derivative of 9*f**2/2 - 4*f + 1. Let k be (-10)/(-30) + 34/6. Let i be b(k). What is the greatest common factor of i and 10?
10
Suppose -3*w + 115 = 2*t + 2*w, 2*t + 3*w - 113 = 0. Let i be ((-174)/(-5))/((-1)/(-5)). Let y be 6/24 - i/(-8). What is the highest common factor of y and t?
11
Let z be 0 - -2 - (-8)/2. Suppose 2*q - 5*q - 6 = -2*f, 2*f = -2*q - 14. Let b be -1*12*q/8. Calculate the greatest common factor of b and z.
6
Suppose -4*h - 4*k = -12, -k - 13 = -3*h - 6*k. Suppose 2*p = 3 - h. Suppose j - 2 = 0, -2*j + p + 43 = 5*u. Calculate the highest common divisor of u and 20.
4
Suppose -3079 + 615 = -4*s. Suppose r - 5*r + s = 0. What is the highest common divisor of 14 and r?
14
Suppose -41 = -5*y + 34. Let j be ((-18)/y)/(6/(-100)). Calculate the highest common factor of 100 and j.
20
Let m be 5/(25/(-15))*-3. What is the highest common divisor of 45 and m?
9
Suppose 1 = -3*z + h + 2, 23 = 4*z + 3*h. Let l be 1*z - (-189)/3. Let j(x) = 2*x**2 - 4*x - 3. Let n be j(-2). What is the greatest common factor of l and n?
13
Let r = 19 + -11. What is the greatest common factor of 2 and r?
2
Let c(s) = -s + 11. Let t be c(10). What is the highest common factor of 3 and t?
1
Let y(w) = w**3 - 15*w**2 - 2*w + 38. Let j be y(15). What is the greatest common divisor of j and 152?
8
Let p(a) = 10 + 0 + 17*a - 1. Let m be p(7). Let q = -19 - -35. What is the highest common divisor of q and m?
16
Suppose 8*m - 8 = 32. Let h be 0 - (-3)/(-2)*-4. Suppose -4 = -5*o + h. What is the greatest common divisor of m and o?
1
Let q(u) = -u**3 + 12*u**2 - 12*u + 16. Let h be q(11). Suppose -2*o = -4*o + 10. Calculate the greatest common factor of h and o.
5
Suppose -9 = -3*m + 3. Let l be -3 + (4*m - -1). Calculate the highest common divisor of 14 and l.
14
Suppose 0 = -3*j + j - 4. Let x be (-4 + j + 4)/(-1). Suppose -13 - 31 = -2*i. What is the greatest common divisor of i and x?
2
Suppose -4*q + t + 84 = 2*t, 0 = -3*t - 12. Calculate the greatest common divisor of 11 and q.
11
Let z be (70/(-14))/(1*(-1)/1). Calculate the highest common divisor of 25 and z.
5
Let w be (-48)/(-84) - 370/(-14). Calculate the highest common factor of w and 54.
27
Suppose 4*c - 228 = -5*y, -198 = -y - 3*y + 2*c. Let g be ((-3)/(-1))/((-12)/(-8)). Let s be -32*(-1)/(g/2). What is the greatest common divisor of s and y?
16
Let r(t) = -18*t - 27. Let o be r(-2). Calculate the greatest common divisor of 18 and o.
9
Let b be 44/12 - (-2)/6. Suppose -i + 54 = 2*i + 5*l, -3*l + 72 = b*i. Suppose -3*w + w = -90. What is the greatest common divisor of i and w?
9
Suppose 8*h - 370 = 62. What is the greatest common divisor of h and 18?
18
Suppose 0 = -3*i + 3*f + 60, -2*i + 0*f = -5*f - 46. Calculate the greatest common factor of i and 18.
18
Suppose 8*y - 78 = 5*y. Let n = y - -1. Let t = 28 + n. What is the highest common factor of 11 and t?
11
Let w be (4/10)/((-2)/(-60)). Let r = 96 - 60. What is the greatest common divisor of w and r?
12
Let j(k) = -k**3 - 5*k**2 